+ 6. Let x be j(6). Let c = -37 - x. Calculate the remainder when c is divided by 13.
11
Calculate the remainder when 154 is divided by (51 - -1) + -12*9/36.
7
Let a(w) = 4*w**3 + 4*w**2 - 5*w - 2. Let t = -66 + 69. What is the remainder when a(t) is divided by 26?
23
Suppose -625 + 113 = -4*d. Calculate the remainder when d is divided by 66.
62
Suppose c = 5 + 12. Suppose -5*w = 5*v - 15, w - 3*v = 2*v + 33. What is the remainder when c is divided by (w/10)/((-10)/(-75))?
5
Let v = -5 + -3. Let l be v/(-12)*6/(-4). Calculate the remainder when 28 is divided by l/(-5) - (-148)/10.
13
Let u(n) be the third derivative of n**5/60 + 5*n**4/8 + 19*n**3/6 + 8*n**2. What is the remainder when 18 is divided by u(-14)?
3
What is the remainder when -50*3*(-104)/39 is divided by 102?
94
Let u be ((3 - 4) + 13)/2. What is the remainder when 5/(10/u) - 271/(-1) is divided by 55?
54
Let j(c) = c**3 + 6*c**2 + 6*c. Let n be j(-5). Let m = 9 + -6. Let p = m - n. Calculate the remainder when 21 is divided by p.
5
Let c(v) = -v + 20. Let h be c(20). Suppose -2*i - 30 = -h*i. What is the remainder when 34 is divided by (-114)/(-15) - (-9)/i?
6
Let s = -82 + 170. Let t = -50 + s. What is the remainder when t is divided by 5?
3
Let f = 7 - -11. Suppose -f = -a + 4*l, 2*a + 5*l = 65 + 23. What is the remainder when 100 is divided by a?
32
Suppose -24 = 50*r - 52*r. Let p = 36 - 15. What is the remainder when p is divided by r?
9
Let g = -47 - -50. Suppose g*b + b - 80 = 0. Calculate the remainder when 57 is divided by b.
17
Let z = 113 - 117. Calculate the remainder when 986/8 - (-3 - 9/z) is divided by 32.
28
Let g = 159 - 251. Let k = g + 168. Calculate the remainder when 11 is divided by k/18 + (-4)/18.
3
Let h(k) = -6*k**3 + 8*k**2 + 16*k + 23. Suppose 4*a + 104 = r + r, 0 = 2*r - 5*a - 109. What is the remainder when h(-3) is divided by r?
41
Suppose 0 = -4*p - 3*i + 1490, -17*i + 20*i = p - 365. Calculate the remainder when p is divided by 15.
11
Suppose 420 = 5*h - 2*u, -h + u = -0*h - 81. Calculate the remainder when h is divided by 19.
10
Suppose -p = 0, t + 4*p = 2*t - 17. Suppose -2*g - 3 = -13, 28 = b + g. What is the remainder when b is divided by t?
6
Suppose 0 = -78*i + 4*i + 2812. What is the remainder when 52 is divided by i?
14
Let u = -345 + 355. Calculate the remainder when 446 is divided by u.
6
Let x = 1061 + -1026. Calculate the remainder when 39 is divided by x.
4
Let y be 43 - (1 + -1) - -2. Let h = 9 - y. Let c = h - -72. What is the remainder when c is divided by 13?
10
Suppose m = 2*t + 9 + 25, 2*m - 5*t = 73. Suppose -z + 6*z - 575 = 0. Calculate the remainder when z is divided by m.
19
Suppose -9*d - 21*d + 390 = 0. Calculate the remainder when 98 is divided by d.
7
Suppose 0 = -12*f - 135 + 363. What is the remainder when 36 is divided by f?
17
Let l be 5 - (-1 - (-4)/2). Suppose l*p = -6*p + 10. Calculate the remainder when 4 is divided by p.
0
Let c be 293 - (10/(-4) + 3)*6. Suppose 0 = 9*d + 92 - c. What is the remainder when 40 is divided by d?
18
Suppose 8 - 20 = 2*o. Let u be 18/27 + (-206)/o. Suppose -2*h + u = -1. What is the remainder when h is divided by 5?
3
Let y be (-81)/(-15) - (-4)/(-10). Let g be (30/(-40) + (-3)/(-4))/3. Suppose -3*f = -3*i + 7 + 5, g = -f + y. Calculate the remainder when 23 is divided by i.
5
Let u(c) = -4*c - 44. Calculate the remainder when 110 is divided by u(-13).
6
Suppose -5*a + 116 = -4*k, -117 = -5*a - 0*a + 3*k. What is the remainder when 30 is divided by a?
6
Let w(i) = 5*i + 106. What is the remainder when w(-2) is divided by 5?
1
Suppose -k + 3*r - 16 = -2*k, -2*r = -2*k + 32. Let u(v) = -v**3 - 5*v**2 + 11. Calculate the remainder when u(-6) is divided by k.
15
What is the remainder when 93 is divided by (28 - 99/9) + 2?
17
Suppose -3*m + 850 = 2*m. Suppose -5*q - 5*t = -0*t - m, 0 = -t - 1. Let j = -20 + q. Calculate the remainder when j is divided by 8.
7
Suppose -172*f + 28 = -168*f. What is the remainder when 10 is divided by f?
3
Let k = -100 - -119. Calculate the remainder when 74 is divided by k.
17
Suppose 20*h = 797 - 77. What is the remainder when 248 is divided by h?
32
What is the remainder when 3094 is divided by (-12)/(3/9 + (-4)/8)?
70
Suppose 2*o = -1 - 7, o = -5*n + 106. Suppose k + 1 = 0, -4*x + 2*k = -n - 256. Suppose -x = v - 2*v. Calculate the remainder when v is divided by 18.
15
Let d be (-2 + 0)/((-6)/(-9)). Let o = d + 6. Suppose 224 = o*z - 19. What is the remainder when z is divided by 21?
18
Suppose -d + 3*d = 0, 3*u + d - 36 = 0. Calculate the remainder when (32/10)/((-10)/(-100)) is divided by u.
8
Suppose y - 3*l - 108 = -8*l, -l = 5*y - 444. Calculate the remainder when 265 is divided by y.
1
What is the remainder when 295/7 - 504/(-588) is divided by 11?
10
Let l be (4 - 10)/(1/6). Let v = l + 58. What is the remainder when 87 is divided by v?
21
Let f = -145 - -225. Calculate the remainder when f is divided by 42.
38
Suppose -5*u + 0*c = -5*c - 420, 0 = 5*c. What is the remainder when 334 is divided by u?
82
Let j(l) = -7*l**2 - 8*l + 11. Let m(t) = -6*t**2 - 9*t + 10. Let h(k) = -5*j(k) + 6*m(k). Calculate the remainder when h(-11) is divided by 7.
3
Suppose -3*y - 3*o = 6, -o - 4*o = 0. Calculate the remainder when (516/24)/(y/(-4)) is divided by 11.
10
Suppose -53*j = -24*j - 1653. Calculate the remainder when j is divided by 15.
12
Let q(n) = -4*n - 2*n + 5*n + 1 + n**2 + 89*n**3. Calculate the remainder when q(1) is divided by 23.
21
Let w = 79 + -76. Suppose -2*p - 5*l + 28 = 0, w*p - p = -3*l + 24. Calculate the remainder when (35 - (1 + -1)) + 0 is divided by p.
8
Let u(b) = -b**2 + 4*b - 3. Let q(w) = w + 6. Let o be q(-3). Let f be u(o). What is the remainder when 5 is divided by (-14 - f)*(-12)/42?
1
Suppose -10*t = -308 + 48. What is the remainder when 256 is divided by t?
22
Suppose 9*h - 85 - 131 = 0. Calculate the remainder when 334 is divided by h.
22
Suppose -1052 - 5815 = -9*b. Suppose -4*y - p - 88 = -b, 0 = -4*y + 2*p + 690. What is the remainder when y is divided by 43?
41
Suppose 37*r - 27*r - 1710 = 0. What is the remainder when r is divided by 31?
16
Suppose -3*s - 3*o + 3 = -9, 8 = -4*o. Calculate the remainder when 38 + (-30)/(0 - -6) is divided by s.
3
Suppose -2*y - 36 = 2*y + 2*m, -2*m + 28 = -4*y. Calculate the remainder when ((-24)/(-5) - 4)/(2/395) is divided by y/((-16)/5 - -3).
38
Let u = -4 - -9. Suppose -2*g - 3*g + 39 = 2*n, 5 = g. Suppose -p + u = -n. Calculate the remainder when 34 is divided by p.
10
Let d be (46/4)/((-3)/(-42)). Let m = d + -70. Suppose 5*w = -5*o + 3*w + 155, -3*o + 93 = -4*w. What is the remainder when m is divided by o?
29
Let b(d) = d**2 + 4*d - 9. Let t be b(-6). Suppose 0 = -g - t*o + 54, 3*o - 54 = -g - o. Calculate the remainder when g is divided by 11.
10
Suppose 0 = -18*t + 1135 + 35. Calculate the remainder when t is divided by 21 + -4 + (-1 - -1).
14
Let k(q) = -12*q - 4. Let p(s) = 8*s + 3. Let y(i) = 5*k(i) + 7*p(i). Calculate the remainder when y(-1) is divided by 4.
1
Calculate the remainder when 806 is divided by 87/(-12)*(3 - 19).
110
What is the remainder when 160 is divided by -89*(-8 - (-2 + -5))?
71
Let q be (-1 - 0)*(-122 - (-4 + 9)). Suppose 0 = 3*s + 6, 0*a + q = a + 3*s. What is the remainder when a is divided by 27?
25
Suppose 0 = 30*c - 27*c - 171. Suppose n - 10 - 9 = 5*z, 3*n + 2*z = c. What is the remainder when 3/(0 - (-3)/56) is divided by n?
18
Let m = -39 - -103. Suppose 9*u = m + 44. What is the remainder when 20 is divided by u?
8
Calculate the remainder when (-47)/(-2*(0 - (-4)/8)) is divided by 7.
5
Suppose -87*l + 1275 = -117. Calculate the remainder when l is divided by 6.
4
Let n = 34 + -20. Suppose 3*b + 2*f - n = 0, -2*f = -4*b + 3*b + 2. Suppose 140 = s + b*s. Calculate the remainder when s is divided by 5.
3
Let x(t) = t**3 - 9*t**2 + t + 13. What is the remainder when (-215)/(-2)*(-8)/(-10) is divided by x(9)?
20
Suppose 4 = -w + 19. Suppose -c - 4*o + 60 = 0, o + 142 = 3*c + 14. What is the remainder when c is divided by w?
14
Calculate the remainder when 56 - (5 - 8 - -5) is divided by 11.
10
Let d(a) = -2*a**3 - 22*a**2 + 9. Let c = -72 - -104. Calculate the remainder when c is divided by d(-11).
5
Suppose -384 = -18*z + 6*z. Calculate the re